{"id":4377,"date":"2025-06-13T11:26:54","date_gmt":"2025-06-13T11:26:54","guid":{"rendered":"https:\/\/vapeopremium.com\/?post_type=product&#038;p=4377"},"modified":"2025-09-29T20:59:58","modified_gmt":"2025-09-29T20:59:58","slug":"iplay-x-box-4000","status":"publish","type":"product","link":"https:\/\/vapeopremium.com\/index.php\/producto\/iplay-x-box-4000\/","title":{"rendered":"IPLAY X-BOX 4000"},"content":{"rendered":"<p align=\"justify\">Experimenta la nube como nunca antes con el IPLAY X-BOX, dise\u00f1ado meticulosamente para ofrecer portabilidad y una sensaci\u00f3n ergon\u00f3mica. Con una potente bater\u00eda integrada de 500 mAh y un amplio dep\u00f3sito de 10 ml, disfruta de hasta 4000 descargas de pura satisfacci\u00f3n. Con un 5 % de potencia y una resistencia de malla de 1,1 ohmios de \u00faltima generaci\u00f3n, cada inhalaci\u00f3n promete una sensaci\u00f3n revitalizante.<\/p>\n<ul>\n<li><em>Tama\u00f1o:\u00a0<\/em>\u00a087,3 x 51,4 x 20,4 mm<\/li>\n<li><em>Capacidad:\u00a0<\/em>\u00a010 ml<\/li>\n<li><em>Bater\u00eda:\u00a0<\/em>\u00a0500 mAh<\/li>\n<li><em>Duraci\u00f3n:\u00a0<\/em>\u00a04000<\/li>\n<li><em>Densidad:\u00a0<\/em>\u00a05%<\/li>\n<li><em>Resistencia:\u00a0<\/em>\u00a0Bobina de malla de 1,1 \u03a9<\/li>\n<li><em>Cargador:\u00a0<\/em>\u00a0Tipo-C<\/li>\n<\/ul>\n","protected":false},"excerpt":{"rendered":"<p>Experimenta la nube como nunca antes con el IPLAY X-BOX, dise\u00f1ado meticulosamente para ofrecer portabilidad y una sensaci\u00f3n ergon\u00f3mica. Con una potente bater\u00eda integrada de 500 mAh y un amplio dep\u00f3sito de 10 ml, disfruta de hasta 4000 descargas de pura satisfacci\u00f3n. Con un 5 % de potencia y una resistencia de malla de 1,1&#8230;<\/p>\n","protected":false},"featured_media":4963,"template":"","meta":{"_loi_post_transparent":"default","_loi_post_title":"","_loi_post_layout":"default","_loi_post_sidebar_id":"","_loi_post_content_style":"default","_loi_post_vertical_padding":"default","_loi_post_feature":"","_loi_post_feature_position":"","_loi_post_header":false,"_loi_post_footer":false},"product_brand":[],"product_cat":[27],"product_tag":[],"class_list":{"0":"post-4377","1":"product","2":"type-product","3":"status-publish","4":"has-post-thumbnail","6":"product_cat-vapers-expertos","8":"first","9":"outofstock","10":"shipping-taxable","11":"product-type-variable","12":"entry","13":"content-bg","14":"loop-entry"},"supplier_id":null,"supplier_sku":"","barcode":null,"atum_controlled":true,"out_stock_date":null,"out_stock_threshold":null,"inheritable":false,"inbound_stock":0,"stock_on_hold":0,"sold_today":0,"sales_last_days":0,"reserved_stock":0,"customer_returns":0,"warehouse_damage":0,"lost_in_post":0,"other_logs":0,"out_stock_days":0,"lost_sales":0,"has_location":false,"update_date":"2026-04-17T01:26:52","atum_locations":[],"atum_stock_status":"outofstock","restock_status":false,"low_stock_amount":"","sales_update_date":"2026-04-17T01:26:52","calc_backorders":null,"yoast_head":"<!-- This site is optimized with the Yoast SEO plugin v26.0 - https:\/\/yoast.com\/wordpress\/plugins\/seo\/ -->\n<title>IPLAY X-BOX 4000 - VapeoPremium<\/title>\n<meta name=\"robots\" content=\"index, follow, max-snippet:-1, max-image-preview:large, max-video-preview:-1\" \/>\n<link rel=\"canonical\" href=\"https:\/\/vapeopremium.com\/index.php\/producto\/iplay-x-box-4000\/\" \/>\n<meta property=\"og:locale\" content=\"es_ES\" \/>\n<meta property=\"og:type\" content=\"article\" \/>\n<meta property=\"og:title\" content=\"IPLAY X-BOX 4000 - VapeoPremium\" \/>\n<meta property=\"og:description\" content=\"Experimenta la nube como nunca antes con el IPLAY X-BOX, dise\u00f1ado meticulosamente para ofrecer portabilidad y una sensaci\u00f3n ergon\u00f3mica. Con una potente bater\u00eda integrada de 500 mAh y un amplio dep\u00f3sito de 10 ml, disfruta de hasta 4000 descargas de pura satisfacci\u00f3n. Con un 5 % de potencia y una resistencia de malla de 1,1...\" \/>\n<meta property=\"og:url\" content=\"https:\/\/vapeopremium.com\/index.php\/producto\/iplay-x-box-4000\/\" \/>\n<meta property=\"og:site_name\" content=\"VapeoPremium\" \/>\n<meta property=\"article:modified_time\" content=\"2025-09-29T20:59:58+00:00\" \/>\n<meta property=\"og:image\" content=\"https:\/\/vapeopremium.com\/wp-content\/uploads\/2025\/06\/1-600x600-2.jpeg\" \/>\n\t<meta property=\"og:image:width\" content=\"600\" \/>\n\t<meta property=\"og:image:height\" content=\"600\" \/>\n\t<meta property=\"og:image:type\" content=\"image\/jpeg\" \/>\n<meta name=\"twitter:card\" content=\"summary_large_image\" \/>\n<script type=\"application\/ld+json\" class=\"yoast-schema-graph\">{\"@context\":\"https:\/\/schema.org\",\"@graph\":[{\"@type\":\"WebPage\",\"@id\":\"https:\/\/vapeopremium.com\/index.php\/producto\/iplay-x-box-4000\/\",\"url\":\"https:\/\/vapeopremium.com\/index.php\/producto\/iplay-x-box-4000\/\",\"name\":\"IPLAY X-BOX 4000 - VapeoPremium\",\"isPartOf\":{\"@id\":\"https:\/\/vapeopremium.com\/#website\"},\"primaryImageOfPage\":{\"@id\":\"https:\/\/vapeopremium.com\/index.php\/producto\/iplay-x-box-4000\/#primaryimage\"},\"image\":{\"@id\":\"https:\/\/vapeopremium.com\/index.php\/producto\/iplay-x-box-4000\/#primaryimage\"},\"thumbnailUrl\":\"https:\/\/vapeopremium.com\/wp-content\/uploads\/2025\/06\/1-600x600-2.jpeg\",\"datePublished\":\"2025-06-13T11:26:54+00:00\",\"dateModified\":\"2025-09-29T20:59:58+00:00\",\"breadcrumb\":{\"@id\":\"https:\/\/vapeopremium.com\/index.php\/producto\/iplay-x-box-4000\/#breadcrumb\"},\"inLanguage\":\"es\",\"potentialAction\":[{\"@type\":\"ReadAction\",\"target\":[\"https:\/\/vapeopremium.com\/index.php\/producto\/iplay-x-box-4000\/\"]}]},{\"@type\":\"ImageObject\",\"inLanguage\":\"es\",\"@id\":\"https:\/\/vapeopremium.com\/index.php\/producto\/iplay-x-box-4000\/#primaryimage\",\"url\":\"https:\/\/vapeopremium.com\/wp-content\/uploads\/2025\/06\/1-600x600-2.jpeg\",\"contentUrl\":\"https:\/\/vapeopremium.com\/wp-content\/uploads\/2025\/06\/1-600x600-2.jpeg\",\"width\":600,\"height\":600},{\"@type\":\"BreadcrumbList\",\"@id\":\"https:\/\/vapeopremium.com\/index.php\/producto\/iplay-x-box-4000\/#breadcrumb\",\"itemListElement\":[{\"@type\":\"ListItem\",\"position\":1,\"name\":\"Portada\",\"item\":\"https:\/\/vapeopremium.com\/\"},{\"@type\":\"ListItem\",\"position\":2,\"name\":\"Tienda\",\"item\":\"https:\/\/vapeopremium.com\/index.php\/shop\/\"},{\"@type\":\"ListItem\",\"position\":3,\"name\":\"IPLAY X-BOX 4000\"}]},{\"@type\":\"WebSite\",\"@id\":\"https:\/\/vapeopremium.com\/#website\",\"url\":\"https:\/\/vapeopremium.com\/\",\"name\":\"VapeoPremium\",\"description\":\"\",\"publisher\":{\"@id\":\"https:\/\/vapeopremium.com\/#organization\"},\"potentialAction\":[{\"@type\":\"SearchAction\",\"target\":{\"@type\":\"EntryPoint\",\"urlTemplate\":\"https:\/\/vapeopremium.com\/?s={search_term_string}\"},\"query-input\":{\"@type\":\"PropertyValueSpecification\",\"valueRequired\":true,\"valueName\":\"search_term_string\"}}],\"inLanguage\":\"es\"},{\"@type\":\"Organization\",\"@id\":\"https:\/\/vapeopremium.com\/#organization\",\"name\":\"VapeoPremium\",\"url\":\"https:\/\/vapeopremium.com\/\",\"logo\":{\"@type\":\"ImageObject\",\"inLanguage\":\"es\",\"@id\":\"https:\/\/vapeopremium.com\/#\/schema\/logo\/image\/\",\"url\":\"https:\/\/vapeopremium.com\/wp-content\/uploads\/2025\/09\/cropped-vapeopremiumT.png\",\"contentUrl\":\"https:\/\/vapeopremium.com\/wp-content\/uploads\/2025\/09\/cropped-vapeopremiumT.png\",\"width\":1046,\"height\":544,\"caption\":\"VapeoPremium\"},\"image\":{\"@id\":\"https:\/\/vapeopremium.com\/#\/schema\/logo\/image\/\"}}]}<\/script>\n<!-- \/ Yoast SEO plugin. -->","yoast_head_json":{"title":"IPLAY X-BOX 4000 - VapeoPremium","robots":{"index":"index","follow":"follow","max-snippet":"max-snippet:-1","max-image-preview":"max-image-preview:large","max-video-preview":"max-video-preview:-1"},"canonical":"https:\/\/vapeopremium.com\/index.php\/producto\/iplay-x-box-4000\/","og_locale":"es_ES","og_type":"article","og_title":"IPLAY X-BOX 4000 - VapeoPremium","og_description":"Experimenta la nube como nunca antes con el IPLAY X-BOX, dise\u00f1ado meticulosamente para ofrecer portabilidad y una sensaci\u00f3n ergon\u00f3mica. Con una potente bater\u00eda integrada de 500 mAh y un amplio dep\u00f3sito de 10 ml, disfruta de hasta 4000 descargas de pura satisfacci\u00f3n. Con un 5 % de potencia y una resistencia de malla de 1,1...","og_url":"https:\/\/vapeopremium.com\/index.php\/producto\/iplay-x-box-4000\/","og_site_name":"VapeoPremium","article_modified_time":"2025-09-29T20:59:58+00:00","og_image":[{"width":600,"height":600,"url":"https:\/\/vapeopremium.com\/wp-content\/uploads\/2025\/06\/1-600x600-2.jpeg","type":"image\/jpeg"}],"twitter_card":"summary_large_image","schema":{"@context":"https:\/\/schema.org","@graph":[{"@type":"WebPage","@id":"https:\/\/vapeopremium.com\/index.php\/producto\/iplay-x-box-4000\/","url":"https:\/\/vapeopremium.com\/index.php\/producto\/iplay-x-box-4000\/","name":"IPLAY X-BOX 4000 - VapeoPremium","isPartOf":{"@id":"https:\/\/vapeopremium.com\/#website"},"primaryImageOfPage":{"@id":"https:\/\/vapeopremium.com\/index.php\/producto\/iplay-x-box-4000\/#primaryimage"},"image":{"@id":"https:\/\/vapeopremium.com\/index.php\/producto\/iplay-x-box-4000\/#primaryimage"},"thumbnailUrl":"https:\/\/vapeopremium.com\/wp-content\/uploads\/2025\/06\/1-600x600-2.jpeg","datePublished":"2025-06-13T11:26:54+00:00","dateModified":"2025-09-29T20:59:58+00:00","breadcrumb":{"@id":"https:\/\/vapeopremium.com\/index.php\/producto\/iplay-x-box-4000\/#breadcrumb"},"inLanguage":"es","potentialAction":[{"@type":"ReadAction","target":["https:\/\/vapeopremium.com\/index.php\/producto\/iplay-x-box-4000\/"]}]},{"@type":"ImageObject","inLanguage":"es","@id":"https:\/\/vapeopremium.com\/index.php\/producto\/iplay-x-box-4000\/#primaryimage","url":"https:\/\/vapeopremium.com\/wp-content\/uploads\/2025\/06\/1-600x600-2.jpeg","contentUrl":"https:\/\/vapeopremium.com\/wp-content\/uploads\/2025\/06\/1-600x600-2.jpeg","width":600,"height":600},{"@type":"BreadcrumbList","@id":"https:\/\/vapeopremium.com\/index.php\/producto\/iplay-x-box-4000\/#breadcrumb","itemListElement":[{"@type":"ListItem","position":1,"name":"Portada","item":"https:\/\/vapeopremium.com\/"},{"@type":"ListItem","position":2,"name":"Tienda","item":"https:\/\/vapeopremium.com\/index.php\/shop\/"},{"@type":"ListItem","position":3,"name":"IPLAY X-BOX 4000"}]},{"@type":"WebSite","@id":"https:\/\/vapeopremium.com\/#website","url":"https:\/\/vapeopremium.com\/","name":"VapeoPremium","description":"","publisher":{"@id":"https:\/\/vapeopremium.com\/#organization"},"potentialAction":[{"@type":"SearchAction","target":{"@type":"EntryPoint","urlTemplate":"https:\/\/vapeopremium.com\/?s={search_term_string}"},"query-input":{"@type":"PropertyValueSpecification","valueRequired":true,"valueName":"search_term_string"}}],"inLanguage":"es"},{"@type":"Organization","@id":"https:\/\/vapeopremium.com\/#organization","name":"VapeoPremium","url":"https:\/\/vapeopremium.com\/","logo":{"@type":"ImageObject","inLanguage":"es","@id":"https:\/\/vapeopremium.com\/#\/schema\/logo\/image\/","url":"https:\/\/vapeopremium.com\/wp-content\/uploads\/2025\/09\/cropped-vapeopremiumT.png","contentUrl":"https:\/\/vapeopremium.com\/wp-content\/uploads\/2025\/09\/cropped-vapeopremiumT.png","width":1046,"height":544,"caption":"VapeoPremium"},"image":{"@id":"https:\/\/vapeopremium.com\/#\/schema\/logo\/image\/"}}]}},"jetpack_sharing_enabled":true,"_links":{"self":[{"href":"https:\/\/vapeopremium.com\/index.php\/wp-json\/wp\/v2\/product\/4377","targetHints":{"allow":["GET"]}}],"collection":[{"href":"https:\/\/vapeopremium.com\/index.php\/wp-json\/wp\/v2\/product"}],"about":[{"href":"https:\/\/vapeopremium.com\/index.php\/wp-json\/wp\/v2\/types\/product"}],"version-history":[{"count":1,"href":"https:\/\/vapeopremium.com\/index.php\/wp-json\/wp\/v2\/product\/4377\/revisions"}],"predecessor-version":[{"id":4973,"href":"https:\/\/vapeopremium.com\/index.php\/wp-json\/wp\/v2\/product\/4377\/revisions\/4973"}],"wp:featuredmedia":[{"embeddable":true,"href":"https:\/\/vapeopremium.com\/index.php\/wp-json\/wp\/v2\/media\/4963"}],"wp:attachment":[{"href":"https:\/\/vapeopremium.com\/index.php\/wp-json\/wp\/v2\/media?parent=4377"}],"wp:term":[{"taxonomy":"product_brand","embeddable":true,"href":"https:\/\/vapeopremium.com\/index.php\/wp-json\/wp\/v2\/product_brand?post=4377"},{"taxonomy":"product_cat","embeddable":true,"href":"https:\/\/vapeopremium.com\/index.php\/wp-json\/wp\/v2\/product_cat?post=4377"},{"taxonomy":"product_tag","embeddable":true,"href":"https:\/\/vapeopremium.com\/index.php\/wp-json\/wp\/v2\/product_tag?post=4377"}],"curies":[{"name":"wp","href":"https:\/\/api.w.org\/{rel}","templated":true}]}}